inder when 174 is divided by (384/18*10/20)/((-1)/(-6))?
46
Let p(f) = -39*f + 1100. Calculate the remainder when 376 is divided by p(26).
32
What is the remainder when 1140 is divided by 22/10 + (0/5 - 2/10)?
0
Let f = 1150 + -1135. Let w(g) = 24*g**2 + 2*g - 1. Suppose 2*q + 1 = 3*q. What is the remainder when w(q) is divided by f?
10
Let c = 111 + -109. Let g = -1006 + 1510. Suppose 0 = -c*t + 14*t - g. Calculate the remainder when t is divided by 9.
6
Let g = 15563 - 15318. Calculate the remainder when 455 is divided by g.
210
Let f(g) = -7 + 25 + 22*g - 40 + 2*g**2. What is the remainder when f(-20) is divided by 20?
18
Calculate the remainder when 59 is divided by ((-5)/2)/(80/(-768)).
11
Let x = 373 - -447. Let g = -646 + x. Calculate the remainder when g is divided by 7.
6
Suppose 22*k - 3300 = 2*k. Let b = k - 154. What is the remainder when 31 is divided by b?
9
Suppose 1026 + 2670 = -45*i + 157*i. What is the remainder when 324 is divided by i?
27
Let v(h) = 47*h. Calculate the remainder when v(2) is divided by (-248)/310 + ((-945)/(-25) - 2).
24
Let m = -31 + 37. Calculate the remainder when (564/18)/(m/18) is divided by 20.
14
Let b(d) = -d + 3. Suppose 4*l = -3*l - 28. What is the remainder when (-8 - (-13 + 0)) + 2 is divided by b(l)?
0
Let g(v) = v**2 + v + 7. What is the remainder when g(-6) is divided by ((-6 - 2) + (-13 - -24))/((-2)/5 - -1)?
2
Let b(o) = -6*o - 26. Calculate the remainder when (-15)/(-5) - (-1 - 1 - 29) is divided by b(-6).
4
Let g = -188 - -387. Suppose 3*a = 8 + 1. Suppose o - a*v + 380 = 6*o, -g = -3*o + 4*v. What is the remainder when o is divided by 37?
36
Let t = 593 - 278. Calculate the remainder when t/(-20)*280/(-15) is divided by 50.
44
Let o(v) be the first derivative of v**4/4 + 22*v**3/3 + 24*v**2 - 47*v + 4. Suppose -3*f = 7 - 82. What is the remainder when o(-19) is divided by f?
24
Suppose 0 = 16*l - 20*l + 2*b + 15816, -19759 = -5*l - 3*b. What is the remainder when l is divided by 1314?
11
Suppose -17*c + 6267 = 1660. Calculate the remainder when c is divided by 3.
1
Let j = 23 - 15. What is the remainder when (-29)/((-1885)/78)*40/2 is divided by j?
0
Suppose 472494 + 137841 = 45*w. What is the remainder when w is divided by 34?
31
Let b = 753 + -952. Let f = b - -226. What is the remainder when 321 is divided by f?
24
Suppose -2*i = 43*i - 23085. Let n = -505 + i. What is the remainder when 59 is divided by n?
3
Let l(c) = 3*c - 3. Let t be l(2). Suppose t*y = 3 + 15. Suppose 4*w + 4*b = w + 78, -4*w + 104 = -5*b. What is the remainder when w is divided by y?
2
Let z(c) = 13*c**2 - 636*c + 1269. Calculate the remainder when 388 is divided by z(2).
45
Let p(q) = -3*q**2 - 39*q + 27. Calculate the remainder when 39 is divided by p(-13).
12
Suppose j = 4*s, 3*j + 2*j = 0. Suppose 11*g - 681 - 133 = s. Calculate the remainder when g is divided by 21.
11
Suppose 21*j = 3*j - 5292. Let p be (1 - (171 + 0)) + -1. Let m = p - j. What is the remainder when m is divided by 25?
23
Let t = 545 + -825. What is the remainder when (t/(-100))/((-4)/25)*-2 is divided by 9?
8
Suppose 3*z - 30 = -k, -3*z - 4*k + 31 + 8 = 0. Calculate the remainder when z is divided by (16/(-112) - (-30)/14) + 2.
1
Let w(g) = -100*g + 38. Calculate the remainder when w(-22) is divided by 14.
12
Suppose 16*h - 17*h = -1. Let q = h + 4. Let d(k) = k**3 - 5*k**2 + 2*k + 12. What is the remainder when d(q) is divided by 6?
4
Suppose -10*n - 1564 = -33*n. Calculate the remainder when 6728 is divided by n.
64
Let u be ((-2151)/(-956))/(1/180). Let c = 1 - -1. Suppose -7*p - c*p = -u. What is the remainder when 132 is divided by p?
42
Let h(v) = -v**2 + 6*v + 42. Let l be h(-4). Suppose -l*y + 58 - 4 = 0. Calculate the remainder when y is divided by (-2)/(-3) - (-84)/9.
7
Let j(o) = -5*o - 7. Let l be 22/((24/45)/(-4)). Calculate the remainder when (-66)/l + 248/5 is divided by j(-5).
14
What is the remainder when 2 + 0 - ((-3)/(-3))/((-1)/394) is divided by 68?
56
Let p(c) = 2*c**2 - 95*c + 1008. What is the remainder when p(12) is divided by 3?
0
Calculate the remainder when 1088 + 7/((-91)/(-156)) is divided by 79.
73
Let i be (-4)/8*6 + -3. Suppose p + 4*r = r + 21, -6 = -3*r. What is the remainder when p is divided by 4*((-3)/i + 12/8)?
7
Let p(o) = 72*o**2 - 18*o + 87. Calculate the remainder when p(7) is divided by 194.
191
Suppose -18*h = -19*h + 213. What is the remainder when h is divided by 57?
42
Let y be 1/(-2) - 164/8. Let d(g) = 7*g**2 + 10*g - 28. Calculate the remainder when d(2) is divided by 2/(-10) + y/(-5).
0
Let z(j) = -j**3 - 27*j**2 + j + 177. Calculate the remainder when 466 is divided by z(-27).
16
Suppose 0 = -3*f + 4*v + 9015, 2*f - v - 1437 - 4583 = 0. What is the remainder when f is divided by 29?
26
Let q(t) = t**3 - 23*t**2 + 80*t - 37. What is the remainder when 425 is divided by q(19)?
35
Let c = -40431 - -40605. What is the remainder when 596 is divided by c?
74
Let w = -1 - 1. Let p(t) = 6*t**2 + t - 1. Let l be p(w). Suppose 117 = 24*k - l*k. Calculate the remainder when k is divided by 16.
7
Let c(k) = 3*k**2 - 35*k + 32. Let s be c(11). Suppose s = o - 20. Suppose -3 = -w + 8. What is the remainder when o is divided by w?
8
Suppose 3*v - 18768 = -3*o, 2*v + 10*o - 12494 = 6*o. Calculate the remainder when v is divided by 696.
1
Suppose -3*i = 2*i - 450. Suppose a = 2*x + 71, 3*x - 152 = -2*a + 5*x. Suppose -a = 4*g - 173. Calculate the remainder when i is divided by g.
21
Suppose -63*o + 2082 = 444. What is the remainder when (420/(-45))/(4/(-30)) is divided by o?
18
Let w(v) = -12*v + 299. Suppose 0 = -5*o - f - f + 87, -2*f - 8 = 0. What is the remainder when w(o) is divided by 24?
23
Let a(g) = -21*g**2 - 620*g - 19. Calculate the remainder when a(-29) is divided by 69.
24
What is the remainder when 2829 is divided by 684/(-627)*(-11)/2 + (-3 - -45)?
45
Let c be -593 + ((-28)/7 - (2 - 0)). Let r = c - -694. Calculate the remainder when r is divided by (8 + -1)/(1/2).
11
Let q(g) be the first derivative of -g**4/4 - 4*g**3/3 + 7*g**2 - 8*g - 23. Calculate the remainder when q(-8) is divided by 47/1 - (-2)/(-2).
44
Suppose -219*x + 143*x + 6308 = 0. Calculate the remainder when 399 is divided by x.
67
Let t = -5317 + 5366. Calculate the remainder when 291 is divided by t.
46
What is the remainder when 352 is divided by 49 + 0 - 594/(-54)?
52
Let c be -10*(2 - 132/15). Suppose g - 5*q = c, -10 = -4*g - 4*q + 214. What is the remainder when g is divided by 36?
22
Suppose 148*f = 177*f - 31233. Calculate the remainder when f is divided by 90.
87
Suppose -42 - 35 = g. Let j(b) = -b**2 - 29*b + 165. Let s be j(-35). Let t = s - g. What is the remainder when t is divided by 19?
13
Let o be 66/44*(-2 - 1424/6). Let r = o - -373. What is the remainder when 52 is divided by r?
10
Let k(l) = l**3 - l**2 - 347*l - 44. What is the remainder when k(-15) is divided by 25?
11
Let w = 30 + -13. Let l be (2/8)/(19/(-380)). Calculate the remainder when w is divided by 1/(l/(-5))*9.
8
Let b(d) = -d. Let k(g) = 9*g + 102. Let v(a) = 4*b(a) + k(a). What is the remainder when 28 is divided by v(-16)?
6
Suppose -g = -3*b + 54, -52 = -2*b - 5*g - 16. Let z(o) = o**2 + 3*o + 2. Calculate the remainder when 179 + (b/(-30) - 6/(-10)) is divided by z(-5).
11
Let l(p) = 18*p - 43. What is the remainder when l(22) is divided by 68/170 - (-2)/(20/506)?
47
Let g(a) = -a**2 - 29*a + 7. Let j be g(0). Suppose 416 = 39*c - j*c. What is the remainder when 40 is divided by c?
1
Calculate the remainder when 253 is divided by 150/(-4)*(-10 - -8) + 3.
19
Suppose -501*p + 127908 = -314*p. Calculate the remainder when 694 is divided by p.
10
Suppose -268 - 110 = -9*f. Suppose 4*m = -h + 6*h - 195, -157 = -4*h + 3*m. Suppose h*w - f*w = 12. Calculate the remainder when 33 is divided by w.
9
Suppose f - 16 = 5*z + 10, -16 = -2*f + z. Let m = -570 + 572. Suppose 0 = 3*o + 15, -5*x + 95 = 3*o - m*o. What is the remainder when x is divided by f?
2
Let s(o) = -4*o**2 - 237*o - 381. Suppose -72 = -3*j + 2*j. What is the remainder when s(-57) is divided by j?
60
Suppose 4*d - 8*d = 388. Let r = d - -124. Let k(t) = 2*t**2 + 17*t - 40. Calculate the remainder when r is divided by k(-11).
12
Suppose -3*q - 194 = -2*y, -15*y + 12*y = -3*q